common divisor of i and 31?
31
Let p be 6*12/288 - (-958)/8. What is the greatest common divisor of p and 180?
60
Let b be (0 + 2)*2/4. Let v = -4887 - -4892. Calculate the highest common divisor of v and b.
1
Let i be 3 + (4 + -10 - -3). Suppose 0 = 2*m - 4*g - i*g - 20, 0 = 3*m - 5*g - 28. What is the highest common divisor of 9 and m?
3
Let p(i) = -i**3 - 8*i**2 - 9*i + 6. Let u be p(-7). Let m be (-6)/12 + (-484)/(-8) - (26 + -26). Calculate the highest common divisor of m and u.
20
Suppose t - 5*u - 56 = -763, -3587 = 5*t + u. Let w be t/(-12) + (-3)/(-12). Suppose 3*x + 2*x = w. What is the greatest common divisor of 6 and x?
6
Suppose 3 = -b - 3. Let o be 6*-2*(-3)/b. Let u be (-2 + o/(-9))*-42. Calculate the highest common divisor of 14 and u.
14
Let x(m) = -5*m - 1. Let i(b) = -11 + b - 4*b + 2*b. Let h be i(-9). Let f be x(h). Calculate the highest common divisor of f and 9.
9
Let k(c) = -3*c**2 - 3*c + 1. Let a be k(-4). Let j be 508/14 + 10/a. What is the highest common divisor of 4 and j?
4
Let w = 6717 - 6706. Let s(b) = 8*b**3 + 2*b**2 + 2*b - 3. Let t be s(3). Suppose 3*l - t = 60. What is the highest common factor of l and w?
11
Let o be -2 + -6 + 24 + -4. Calculate the highest common divisor of 174 and o.
6
Let t = 57 - 54. Suppose -t = 3*x - 24. Let d(y) = y**2 - 4*y - 4. Let k be d(5). What is the greatest common factor of k and x?
1
Let a = 891 - 671. What is the greatest common factor of 60 and a?
20
Suppose v - 17 = 2. Suppose 29*s - 18*s - 1463 = 0. Calculate the greatest common divisor of v and s.
19
Suppose -49 + 127 = 13*k. What is the highest common divisor of 24 and k?
6
Suppose 3*j + 39*v = 41*v + 12, 2*j - 8 = 2*v. What is the greatest common divisor of 196 and j?
4
Let c(h) = -2*h + 8. Let r be c(6). Let b be (-2)/r*(92 - 2). Let w = -26 + 44. What is the highest common factor of w and b?
9
Let q be 117/(-3)*(-2 - -1). Let n = q - 15. Let s(k) = k**2 - 9*k + 12. Let p be s(9). What is the greatest common factor of n and p?
12
Suppose -1425 = i - 20*i. Suppose h = -4*h - 175. Let s be 42/h*i/(-2). Calculate the highest common factor of 5 and s.
5
Let o = 16 + -13. Suppose o*s - 3*i + i - 94 = 0, 146 = 5*s + 2*i. Calculate the highest common factor of s and 10.
10
Let o be (220/15)/((-1)/(-48)). Suppose -2*j = r - 347, 7*r - 3*r - o = -4*j. What is the highest common divisor of j and 19?
19
Let s(u) = 2*u**2 - 5*u + 2*u + 2*u**3 - u**3 + 1. Suppose r - q + 8 = 0, 2*q + 0 - 10 = 0. Let f be s(r). What is the greatest common divisor of 4 and f?
1
Suppose 0*o + 4*o - 128 = 0. Let d be (-8)/(-1)*(4 - 0/5). Calculate the highest common divisor of o and d.
32
Suppose n + z - 113 = 0, 4*n + 49 - 476 = z. What is the greatest common factor of 297 and n?
27
Let q(b) = b**2 + 5*b + 2. Let z be q(-5). Suppose z*f = f + 32. Let m = -2 + f. Calculate the greatest common factor of 10 and m.
10
Let g(i) = 167*i - 999. Let k be g(6). Calculate the highest common divisor of 327 and k.
3
Suppose 2*s - 14 = -4*m, 0 = 4*s + 4*m - 21 - 19. Let i(o) = -11*o - 5. Let x be i(-4). Calculate the greatest common divisor of x and s.
13
Suppose 279 = 4*d - 1341. What is the highest common divisor of 15 and d?
15
Suppose 3*l = -2*o - l + 144, -2*o - l + 129 = 0. Calculate the greatest common divisor of 310 and o.
62
Let q be 4/(-26) - (-402)/78. Suppose -3*j = -3*i + j + 64, -5*i - 3*j + 97 = 0. What is the greatest common divisor of q and i?
5
Suppose -4*f + 8*f - 188 = 0. Let j = -37 + f. Calculate the greatest common factor of j and 90.
10
Let j(l) = 3*l**2 - 8*l + 37. Let k be j(9). Calculate the greatest common factor of k and 13.
13
Let z be (-1680)/8 + 1 + 1. Let r be (2/(-6))/(-5 + z/(-42)). What is the greatest common divisor of r and 7?
7
Let b(g) be the second derivative of g**3/6 - 3*g. Let s be b(2). Calculate the greatest common factor of 2 and s.
2
Suppose -77 = -17*y + 10*y. Suppose -16 = 7*j - y*j. Let x be 1/4 + (-141)/(-12). What is the greatest common factor of x and j?
4
Let z(k) = -k**2 + 28*k + 673. Let s be z(42). Let o(c) = 2*c**2 - 8*c + 7. Let b be o(5). Calculate the highest common divisor of b and s.
17
Let i = 2508 - 2469. Calculate the greatest common divisor of i and 12.
3
Let f(w) = 19*w**2 + w - 42. Let m be f(7). What is the highest common divisor of 112 and m?
112
Let y(b) = b + 4. Let j be y(0). Suppose -7 = -v - 2*l, 2*v + j*l = 5*v - 1. Calculate the highest common divisor of v and 12.
3
Suppose 0 = 2*g + 5*s - 38, 0*g - 5*g + 37 = -2*s. Let m be (-6)/(8/(-12)*1). Calculate the greatest common factor of m and g.
9
Let x be (40/15)/((-8)/(-12)). Suppose -x*j = 5*j - 216. Calculate the greatest common divisor of 4 and j.
4
Let p(m) = 8*m + 50. Let o be p(-14). Let c = 97 + o. Calculate the highest common factor of c and 7.
7
Suppose -10*r - 52 = -72. What is the highest common divisor of 94 and r?
2
Let r(x) = -x**3 - 25*x**2 + 75*x + 45. Let c be r(-28). What is the highest common factor of 132 and c?
33
Suppose -81*d = -29*d - 101764. Calculate the greatest common divisor of d and 19.
19
Let l(f) = 2*f + 36. Let m be l(-18). Suppose m = -21*a + 23*a - 6. Calculate the highest common divisor of a and 24.
3
Suppose -c + 0*c + 4*c = 0. Let u = c - -40. What is the highest common divisor of 16 and u?
8
Suppose 3*v - 63 = -6*s + 4*s, -2*s + 69 = v. What is the greatest common factor of s and 36?
36
Let z be (-3)/(-2)*5/(45/372). Suppose 5*v - 120 + 34 = -3*x, -z = -3*x + v. Calculate the greatest common divisor of x and 176.
22
Suppose -4*k = 2*p + 14, -3*p - 5*k = 24 - 6. Let g be -4 + (-1 - p) - -45. Let a = 65 - g. Calculate the greatest common factor of a and 36.
12
Suppose r + 5 + 9 = 0. Let i(b) = -b**3 - 13*b**2 + 15*b + 18. Let l be i(r). Let d = l - -10. What is the highest common factor of d and 42?
14
Suppose 5 = -7*p + 68. Let m = p + -8. What is the highest common divisor of m and 7?
1
Let h(o) = 202*o + 43. Let u be h(7). What is the highest common factor of 31 and u?
31
Suppose 5 = 2*b + 5*j - 14, 0 = b + 5*j - 2. Let u = -6 - -6. Suppose -46 = -2*r + 3*w, 0 = w - u*w + 4. What is the highest common divisor of r and b?
17
Let g(j) = j + 3. Let r be g(-1). Suppose -1539 = 2*w + r*c - 247, 3*w - c = -1934. Let v be w/(-3) - (4 - 5). What is the greatest common factor of v and 24?
24
Suppose 54*u - 149*u + 1805 = 0. Suppose -2*f - 10 = 0, -2*y = 3*f - f - 180. What is the greatest common factor of y and u?
19
Suppose u = 5 + 6. Suppose 3*k - 134 = -2*d + 258, 650 = 5*k + 5*d. Suppose k = -24*b + 28*b. What is the greatest common factor of u and b?
11
Suppose -6*i - 19*i + 2625 = 0. Calculate the highest common divisor of 165 and i.
15
Suppose -19*m - 4*g - 808 = -22*m, 1092 = 4*m + 2*g. Calculate the highest common factor of m and 17.
17
Let j(u) = -u + 47. Let c be j(-21). Suppose 0 = -8*a + 10*a - c. What is the highest common factor of a and 85?
17
Suppose 3*y = 5*o - y - 566, 98 = o + 3*y. What is the greatest common factor of o and 30?
10
Let l = -1 + 35. What is the greatest common divisor of 1054 and l?
34
Let j(l) = -1100*l + 100. Let d be j(-1). What is the highest common factor of 80 and d?
80
Suppose 26*s = 2*s + 14016. What is the greatest common factor of 365 and s?
73
Let g(d) = -d**2 + 19*d + 2. Let t be (-23)/(-4) - (-9)/(-12). Let z be 2 + 2 + t + 4. Let m be g(z). Calculate the highest common divisor of 20 and m.
20
Suppose 0 = -8*k - 90 + 1530. What is the greatest common factor of 252 and k?
36
Let u(x) = -x**2 + 6*x. Let t be u(6). Suppose t = -4*z - 0*z + 16. Suppose z*f = -0*f + 96. Calculate the highest common factor of f and 216.
24
Suppose 2*a - 67 = 107. Calculate the highest common divisor of 493 and a.
29
Suppose 2*p - 93 = -a, -3*p + 135 = -0*p - 3*a. What is the greatest common divisor of p and 736?
46
Let r = -66 + 116. Let i(h) = -2*h**2 + 4. Let d be i(0). Suppose a + a = u + 253, -d*u = -a + 137. What is the highest common divisor of a and r?
25
Suppose 6*z = s + 5*z - 29, -s + 39 = -3*z. Calculate the greatest common divisor of 216 and s.
24
Let g be 20/(-2 + 7) + (1 - 0). Calculate the greatest common divisor of 5 and g.
5
Suppose -j + 3*i = -429, 2 - 1 = i. What is the highest common factor of 16 and j?
16
Let r = -500 + 524. Calculate the highest common f